8*o - 6 - 3. Let q be p(-8). Calculate the remainder when 165/(-2)*8/q is divided by 19.
17
Suppose -12 = 2*k - 3*b, -5*b = -7*k + 2*k - 20. What is the remainder when (21 + k/(-2))/1 is divided by 6?
3
Let g(z) = 3*z + 23. Suppose 0 = 5*b - 84 - 156. What is the remainder when b is divided by g(-2)?
14
Suppose 0 = 2*z - x - 6, 2*z = -5*x + 15 + 3. Suppose -2*f = -3*j, -3*f + 4*f = z*j. Suppose -3*d + f*d = -132. What is the remainder when d is divided by 15?
14
Let p(c) = c**3 + 16*c**2 + 11*c - 21. Calculate the remainder when (532/(-49))/(8/(-112)) is divided by p(-15).
35
Let n = 10 - 6. Let z = 1 + n. Suppose z*g - 145 = -4*w, -2*w - 43 = -0*g - g. Calculate the remainder when g is divided by 9.
6
Let y = 73 + -66. Suppose 11*z - 308 = y*z. Let b = 42 + -22. Calculate the remainder when z is divided by b.
17
Let d(j) = -j**3 - 13*j**2 - 27*j - 11. What is the remainder when 81 is divided by d(-11)?
37
What is the remainder when 142 is divided by 1/(-3)*(-25 + -71)?
14
Suppose 1 = i + 2. Let u be (-2 - -2*2)/i. Let t = u + 6. Calculate the remainder when 18 is divided by t.
2
Let z(f) = f**3 + 44*f**2 + 43*f + 58. Calculate the remainder when z(-43) is divided by 18.
4
Suppose 0 = 3*v + 10*v - 494. Calculate the remainder when v is divided by 7.
3
Calculate the remainder when (-36)/(-15)*2160/32 - 1 is divided by 57.
47
Suppose -4*k = -t + 56, -2 - 18 = -5*k. Calculate the remainder when 287 is divided by t.
71
Suppose 11*h - 10*h + 7 = 0. Suppose 0 = 4*c - 52 + 4. Calculate the remainder when 3/(-21) - 330/h is divided by c.
11
Let k = 7 + 2. Suppose 3*p - 153 = 2*r, 2*p + 5*r - 3*r - 102 = 0. What is the remainder when p is divided by k?
6
Suppose 15 = -4*o + 59. What is the remainder when (-15)/(-25) - (-974)/10 is divided by o?
10
Suppose 0 = -5*i + 1 + 14. Suppose -g + i*g = 36. Calculate the remainder when g is divided by 5.
3
Suppose 5*r + 125 = 5*a, 3*a + 53 + 17 = -2*r. Let p = 37 + r. Calculate the remainder when 14 is divided by p.
6
Let j be (-52)/(2 + 2) - 0. Let c = 13 + j. Suppose -5*a + 604 = -3*k, a + k - 139 + 23 = c. What is the remainder when a is divided by 30?
29
Let a(m) = 18*m - 1. Let d(w) = w**3 + 2*w**2 - 19*w - 15. Calculate the remainder when d(5) is divided by a(2).
30
Let s(t) = 5*t**2 - 10*t - 9. Suppose -2*f - 100 = -5*g - 7*f, 3*f = -5*g + 94. Calculate the remainder when s(5) is divided by g.
15
Let z = -151 - -161. What is the remainder when 105 is divided by z?
5
Calculate the remainder when (424/12)/(2/3) is divided by 3/2 + 390/52.
8
Let d = 1 - 1. Suppose -c - 20 + 115 = 5*o, -4*c = d. What is the remainder when o is divided by 5?
4
Let j(x) = -x - 8. Let b be j(-10). Suppose q + 0 - b = 0. Suppose -4*i = -q*i - 28. What is the remainder when i is divided by 4?
2
Suppose -22*y + 32*y = 690. What is the remainder when 160 is divided by y?
22
Let j be (-14)/35 - (-308)/20. Suppose 0 = 11*y + j - 202. What is the remainder when 67 is divided by y?
16
What is the remainder when 57 is divided by 138/7 + 6/21?
17
Suppose 2*y = 5 + 3. What is the remainder when (-270)/(-15) - (-4)/6*-3 is divided by y?
0
Let v(b) = 11*b - 2. Let l be v(-5). Let r = l - -17. What is the remainder when 17 is divided by (r/16)/(2/(-8))?
7
Let v(w) = 2948*w**2 + 51*w + 51. Calculate the remainder when v(-1) is divided by 50.
48
Let l(q) be the second derivative of q**4/12 + q**3 - 2*q**2 - 26*q. Calculate the remainder when ((-4)/6)/(6/(-171)) is divided by l(-8).
7
Let y(m) = -5*m - 84. Let r = 110 + -78. What is the remainder when r is divided by y(-19)?
10
Suppose -6*m + 611 = 7*m. What is the remainder when 89 is divided by m?
42
Suppose -3*c = 27 - 0. Let l(h) = h**3 + 9*h**2 - 2*h + 20. Calculate the remainder when l(c) is divided by 10.
8
Let m(k) = -22*k - 108. What is the remainder when m(-7) is divided by 16?
14
Suppose -t = -3*j - 302, 0 = 2*t + 89*j - 88*j - 569. What is the remainder when t is divided by 59?
51
Let h(o) = o**3 + o**2 - 2*o + 49. Calculate the remainder when 97 is divided by h(0).
48
Let k(h) = h**3 - 15*h**2 + 16*h + 7. Let c be k(14). Let g = -10 + c. Calculate the remainder when 123 is divided by g.
23
Suppose 4*b + 3*w - 1 = 0, 2*w = 2*b - 6 - 12. Suppose b*m - 68 = -12. What is the remainder when m is divided by 3?
2
Let t(c) = 22*c + 2. What is the remainder when (2 - 77/35) + (-472)/(-10) is divided by t(1)?
23
What is the remainder when 159 is divided by -6 + ((-49)/7 - -94)?
78
Suppose -1452 = 51*v - 55*v. Calculate the remainder when v is divided by 65.
38
Suppose -4*s = -8*s + 8. Suppose -s*q + 3*q = 38. Let c = -21 + q. What is the remainder when c is divided by 6?
5
Let j(p) = 10*p + 4. Let t be j(8). Suppose 2*s = 17 + 5. Calculate the remainder when 13 is divided by t/22 - (-2)/s.
1
Let i = 19 + -8. Let v = -10457 - -10566. Calculate the remainder when v is divided by i.
10
Suppose 6*a = a + 185. Let t = 20 - -70. Suppose -5*l + t = 25. What is the remainder when a is divided by l?
11
What is the remainder when (6834/68)/((-6)/(-4)) is divided by 15?
7
Suppose 0 = -65*s + 66*s - 623. What is the remainder when s is divided by 26?
25
Let r(x) = -11*x - 4. Let q(z) = -z**2 - 13*z - 24. Let m be q(-11). Let a = 103 - 52. Calculate the remainder when a is divided by r(m).
15
Let h(i) = 62*i + 755. Calculate the remainder when (-2 - 0)/(-2) + 38 is divided by h(-12).
6
Let w = 13 + -10. Suppose -5*n + 117 = 3*q, -51 = -w*n + 5*q - 2*q. What is the remainder when n is divided by (-1 + 0)/(2/(-22))?
10
Let i be (8/2)/4 + -1. Suppose 0*c - 3*c - 153 = i. Let x = 21 - c. What is the remainder when x is divided by 15?
12
What is the remainder when 193 is divided by (14 + (-6 - -1))*(-22)/(-3)?
61
Suppose 3*l + 288 = w, 3*w - 775 = l + 81. Calculate the remainder when w is divided by 22.
21
Let o = 380 + -202. Calculate the remainder when o is divided by 23.
17
Suppose 8*i = 9*i - 11. Suppose -8*w + i = -7*w. What is the remainder when 29 is divided by w?
7
Let k(l) be the third derivative of l**6/120 + l**5/12 + l**4/6 - l**3/6 - 9*l**2. Let h = -2 - -9. Calculate the remainder when h is divided by k(-3).
2
Let a be 156/36 - 2/6. Calculate the remainder when 26 is divided by 1/4 - (-39)/a.
6
Let h = -7 + 14. Let o(x) = -x + 2. Let b be o(0). Let d = b - -23. Calculate the remainder when d is divided by h.
4
Let k(g) = g**3 + 7 - 2*g + g + 6*g - 8*g**2 - 3*g. What is the remainder when k(8) is divided by 6?
5
Suppose -2*a = -0*a. Suppose 6*d - d - 160 = a. Suppose 2*g - 5*v - 14 = 0, 4*v = -g - g + d. What is the remainder when g is divided by 4?
0
Suppose -2*p - 22 = -5*w - 78, p = w + 22. Suppose -5*s + 6*s - p = 0. Calculate the remainder when s is divided by 7.
4
What is the remainder when 80 is divided by 2/(((-144)/17)/(-4) - 2)?
12
Let n = -23 + 30. Suppose c + 3*h + n = 3*c, 0 = -c + 2*h + 3. Suppose -c*o + 371 = 3*m, -o + 0*m - 4*m = -81. Calculate the remainder when o is divided by 19.
16
Suppose 563 = 4*o + 5*k, -9*k = -2*o - 4*k + 289. What is the remainder when o is divided by 13?
12
What is the remainder when (4 - (-1449)/(-14))/(2/(-4)) is divided by 51?
46
Let w(a) = 2*a**2 - 10*a + 13. What is the remainder when 80 is divided by w(5)?
2
Suppose 9*j = 4*j + 155. Let r(i) = i**2 + 110*i + 2059. What is the remainder when r(-22) is divided by j?
30
Suppose 0 = 28*x + 17*x - 2430. Calculate the remainder when 342 is divided by x.
18
Suppose 7*b - b = 42. Let x be (-4)/((-4 - -1) + 2). Suppose -x*d + 34 = -18. Calculate the remainder when d is divided by b.
6
Let z(g) = -9*g - 3. Let j be z(-5). Suppose -f + 4*f - j = 0. Let i(q) = 7*q - 9. What is the remainder when i(7) is divided by f?
12
Let j = 88 + 124. Let m = 374 - j. Calculate the remainder when m is divided by 41.
39
Let v = 206 - 197. What is the remainder when 177 is divided by v?
6
What is the remainder when 367 is divided by (-33)/55 - (86/(-10) - 1)?
7
Suppose -208 + 48 = -5*t. Let s(r) = 87*r - 551. What is the remainder when s(7) is divided by t?
26
Let z = 292 - 197. Let c = -83 + z. Calculate the remainder when c is divided by 5.
2
Suppose 2 = -u - 3*k, -5*u + k - 2*k = -4. Let h(d) = 13*d**3 + d**2 - d. Let q(f) = 21*f - 17. Calculate the remainder when q(2) is divided by h(u).
12
Suppose 139*c - 134*c - 5*l 